divisor of 929276 and 1276.
116
Calculate the greatest common factor of 1271 and 347696.
31
What is the greatest common factor of 15678 and 91?
13
Calculate the highest common divisor of 3065 and 5.
5
What is the greatest common divisor of 184164 and 24?
12
What is the highest common divisor of 8460 and 241815?
705
What is the greatest common factor of 2355275 and 78?
13
Calculate the greatest common factor of 117462 and 6.
6
What is the greatest common factor of 42 and 5482806?
42
What is the greatest common divisor of 452199 and 37488?
2343
Calculate the greatest common factor of 79 and 509.
1
What is the greatest common factor of 6 and 201921?
3
What is the highest common divisor of 5010 and 615?
15
Calculate the highest common factor of 17600 and 6875.
275
Calculate the greatest common factor of 7344 and 18292.
68
Calculate the greatest common divisor of 285765 and 255.
15
What is the highest common divisor of 1442 and 40?
2
Calculate the greatest common divisor of 1314 and 882.
18
Calculate the greatest common factor of 324292 and 57.
19
What is the highest common factor of 1951 and 1369602?
1951
What is the highest common divisor of 73395 and 140?
35
Calculate the highest common divisor of 520715 and 65.
65
Calculate the greatest common factor of 296 and 14171.
37
Calculate the highest common divisor of 21970 and 90.
10
What is the greatest common factor of 126 and 39384?
18
Calculate the highest common factor of 1199086 and 14.
14
Calculate the highest common divisor of 450 and 2773950.
150
What is the greatest common divisor of 142 and 1006?
2
Calculate the greatest common factor of 24011 and 117.
13
What is the highest common factor of 1110054 and 726?
726
Calculate the greatest common divisor of 19 and 719359.
19
What is the highest common divisor of 795 and 17808?
159
What is the highest common factor of 18921 and 833?
119
Calculate the greatest common divisor of 9636 and 206371.
803
What is the greatest common factor of 24 and 11742?
6
Calculate the highest common factor of 23896 and 32.
8
What is the greatest common factor of 2391989 and 839?
839
What is the highest common factor of 77870 and 910?
130
What is the greatest common factor of 40 and 17416?
8
Calculate the greatest common divisor of 68 and 5463698.
34
What is the highest common divisor of 74676 and 127?
127
What is the highest common factor of 12 and 62052?
12
What is the greatest common factor of 1774290 and 140?
70
Calculate the greatest common divisor of 3 and 11894.
1
What is the greatest common factor of 107993 and 79?
79
What is the greatest common divisor of 4199448 and 220?
44
What is the greatest common divisor of 20069 and 2961?
329
Calculate the highest common divisor of 9348 and 114.
114
What is the greatest common divisor of 622 and 9972837?
311
Calculate the greatest common factor of 311538 and 548.
274
Calculate the greatest common factor of 9821 and 56791.
427
Calculate the greatest common factor of 312 and 4056.
312
Calculate the greatest common divisor of 1677 and 2106.
39
What is the greatest common divisor of 3875 and 248?
31
What is the greatest common divisor of 8 and 260402?
2
What is the highest common divisor of 88074 and 63?
63
Calculate the greatest common divisor of 64395 and 675.
135
What is the greatest common divisor of 595 and 133?
7
Calculate the highest common factor of 4806 and 5518.
178
What is the highest common factor of 72 and 1926?
18
What is the greatest common divisor of 1827 and 21141?
261
What is the greatest common divisor of 3101 and 182?
7
Calculate the highest common divisor of 94 and 148097.
47
What is the greatest common factor of 489755 and 315?
35
Calculate the highest common factor of 125 and 31750.
125
Calculate the highest common divisor of 2710 and 13730.
10
What is the highest common factor of 552 and 19389?
69
Calculate the greatest common factor of 248 and 5239.
31
Calculate the highest common factor of 5538 and 2532.
6
Calculate the highest common factor of 6851 and 1194709.
527
What is the highest common divisor of 150562 and 166?
166
What is the highest common divisor of 264880 and 12760?
440
Calculate the greatest common factor of 168210 and 81.
27
What is the greatest common factor of 8015 and 726159?
1603
What is the greatest common factor of 305945 and 43?
43
Calculate the highest common factor of 4965252 and 159.
159
Calculate the greatest common divisor of 225413 and 3448.
431
What is the highest common divisor of 180513 and 12293?
647
Calculate the greatest common factor of 51 and 731.
17
What is the greatest common divisor of 8536 and 275?
11
Calculate the highest common divisor of 31262 and 49.
49
What is the highest common factor of 3305446 and 382?
382
Calculate the highest common divisor of 2478 and 6006.
42
What is the greatest common divisor of 1237472 and 64?
32
What is the greatest common divisor of 392 and 46942?
98
Calculate the greatest common factor of 2210 and 3640.
130
Calculate the greatest common divisor of 1094806 and 12974.
998
Calculate the highest common factor of 329 and 7035.
7
What is the greatest common divisor of 12 and 25245?
3
Calculate the greatest common divisor of 91152 and 10008.
72
Calculate the highest common divisor of 1089 and 4104441.
1089
Calculate the greatest common divisor of 2201484 and 3064.
1532
What is the greatest common divisor of 53300 and 500?
100
Calculate the greatest common divisor of 11450 and 2306030.
2290
Calculate the highest common factor of 1 and 519581.
1
Calculate the highest common factor of 3163537 and 481.
481
What is the highest common factor of 193263 and 84?
21
Calculate the highest common factor of 9372 and 22.
22
What is the highest common factor of 24583061 and 61?
61
Calculate the greatest common factor of 117 and 46293.
39
Calculate the highest common divisor of 1856 and 3664.
16
Calculate the greatest common divisor of 360423 and 756.
189
What is the greatest common factor of 4584 and 107724?
2292
Calculate the greatest common divisor of 3280 and 8720.
80
Calculate the highest common divisor of 860 and 244.
4
What is the highest common factor of 1009666 and 1148?
574
What is the highest common factor of 1218 and 1518034?
406
What is the highest common factor of 1258 and 365042?
74
Calculate the highest common factor of 333 and 1147.
37
Calculate the highest common factor of 1044 and 1644.
12
Calculate the highest common divisor of 83082 and 1464.
366
Calculate the highest common divisor of 416784 and 7296.
912
What is the greatest common factor of 1124 and 7736492?
1124
What is the highest common factor of 30400 and 480?
160
Calculate the greatest common divisor of 14 and 505211.
7
What is the greatest common factor of 3337 and 47?
47
Calculate the highest common divisor of 175282 and 2.
2
What is the highest common factor of 60144 and 672?
336
What is the highest common factor of 3024 and 43764?
84
Calculate the highest common factor of 2438 and 230.
46
Calculate the greatest common factor of 788 and 144401.
197
Calculate the greatest common factor of 801744 and 48.
48
What is the highest common divisor of 1725 and 431112?
69
Calculate the highest common factor of 435 and 5235.
15
What is the greatest common factor of 151596 and 54?
18
Calculate the greatest common factor of 1401162 and 292.
146
What is the highest common divisor of 18625 and 28757?
149
Calculate the greatest common divisor of 239747 and 1034.
47
Calculate the highest common divisor of 4303705 and 35.
35
Calculate the greatest common factor of 39 and 2487.
3
Calculate the greatest common divisor of 180 and 17478.
18
What is the highest common factor of 2504 and 15337?
313
What is the greatest common divisor of 176 and 1754588?
44
What is the greatest common factor of 259 and 2401?
7
Calculate the highest common divisor of 28 and 142996.
28
Calculate the greatest common divisor of 328947 and 609.
87
Calculate the greatest common factor of 374858 and 121.
121
Calculate the greatest common divisor of 122542 and 28.
14
What is the greatest common factor of 453810 and 420?
210
What is the highest common divisor of 468 and 23322?
78
Calculate the greatest common divisor of 2376 and 10802.
22
Calculate the highest common factor of 41 and 23499109.
41
Calculate the 